{"id":860,"date":"2023-10-27T16:48:38","date_gmt":"2023-10-27T14:48:38","guid":{"rendered":"https:\/\/www.chaudiereviolins.com\/?post_type=musicien&#038;p=860"},"modified":"2024-10-01T13:42:35","modified_gmt":"2024-10-01T11:42:35","slug":"sao-soulez-lariviere","status":"publish","type":"musicien","link":"https:\/\/www.chaudiereviolins.com\/en\/musiciens\/sao-soulez-lariviere\/","title":{"rendered":"S\u00e0o Soulez Larivi\u00e8re"},"content":{"rendered":"\n<figure class=\"wp-block-embed is-type-rich is-provider-spotify wp-block-embed-spotify wp-embed-aspect-21-9 wp-has-aspect-ratio\"><div class=\"wp-block-embed__wrapper\">\n<iframe title=\"Spotify Embed: S\u00e0o Soulez Larivi\u00e8re\" style=\"border-radius: 12px\" width=\"100%\" height=\"352\" frameborder=\"0\" allowfullscreen allow=\"autoplay; clipboard-write; encrypted-media; fullscreen; picture-in-picture\" loading=\"lazy\" src=\"https:\/\/open.spotify.com\/embed\/artist\/7mM2cZqlpAWfr15kvuVD5x?utm_source=oembed\"><\/iframe>\n<\/div><\/figure>\n\n\n\n<figure class=\"wp-block-embed is-type-video is-provider-youtube wp-block-embed-youtube wp-embed-aspect-16-9 wp-has-aspect-ratio\"><div class=\"wp-block-embed__wrapper\">\n<iframe loading=\"lazy\" title=\"S\u00e0o Soulez Larivi\u00e8re - B.Martin\u016f, Rhapsody-Concerto, H.337\" width=\"750\" height=\"422\" src=\"https:\/\/www.youtube.com\/embed\/-ldzNoM5tHs?feature=oembed\" frameborder=\"0\" allow=\"accelerometer; autoplay; clipboard-write; encrypted-media; gyroscope; picture-in-picture; web-share\" referrerpolicy=\"strict-origin-when-cross-origin\" allowfullscreen><\/iframe>\n<\/div><\/figure>\n\n\n\n<p class=\"has-large-font-size\"><a href=\"https:\/\/www.saosoulezlariviere.com\/\">https:\/\/www.saosoulezlariviere.com\/<\/a><\/p>\n\n\n\n<p class=\"has-extra-small-font-size\">Cr\u00e9dit photo : <a href=\"https:\/\/www.brioni.com\/fr\/fr \">https:\/\/www.brioni.com\/fr\/fr <\/a><\/p>\n","protected":false},"author":2,"featured_media":528,"menu_order":0,"template":"","class_list":["post-860","musicien","type-musicien","status-publish","has-post-thumbnail","hentry","entry"],"acf":[],"_links":{"self":[{"href":"https:\/\/www.chaudiereviolins.com\/en\/wp-json\/wp\/v2\/musicien\/860","targetHints":{"allow":["GET"]}}],"collection":[{"href":"https:\/\/www.chaudiereviolins.com\/en\/wp-json\/wp\/v2\/musicien"}],"about":[{"href":"https:\/\/www.chaudiereviolins.com\/en\/wp-json\/wp\/v2\/types\/musicien"}],"author":[{"embeddable":true,"href":"https:\/\/www.chaudiereviolins.com\/en\/wp-json\/wp\/v2\/users\/2"}],"version-history":[{"count":1,"href":"https:\/\/www.chaudiereviolins.com\/en\/wp-json\/wp\/v2\/musicien\/860\/revisions"}],"predecessor-version":[{"id":861,"href":"https:\/\/www.chaudiereviolins.com\/en\/wp-json\/wp\/v2\/musicien\/860\/revisions\/861"}],"wp:featuredmedia":[{"embeddable":true,"href":"https:\/\/www.chaudiereviolins.com\/en\/wp-json\/wp\/v2\/media\/528"}],"wp:attachment":[{"href":"https:\/\/www.chaudiereviolins.com\/en\/wp-json\/wp\/v2\/media?parent=860"}],"curies":[{"name":"wp","href":"https:\/\/api.w.org\/{rel}","templated":true}]}}

Sào Soulez Larivière

<figure class="wp-block-embed is-type-rich is-provider-spotify wp-block-embed-spotify wp-embed-aspect-21-9 wp-has-aspect-ratio"><div class="wp-block-embed__wrapper">
<iframe title="Spotify Embed: Sào Soulez Larivière" style="border-radius: 12px" width="100%" height="352" frameborder="0" allowfullscreen allow="autoplay; clipboard-write; encrypted-media; fullscreen; picture-in-picture" loading="lazy" src="https://open.spotify.com/embed/artist/7mM2cZqlpAWfr15kvuVD5x?utm_source=oembed"></iframe>
</div></figure>



<figure class="wp-block-embed is-type-video is-provider-youtube wp-block-embed-youtube wp-embed-aspect-16-9 wp-has-aspect-ratio"><div class="wp-block-embed__wrapper">
<iframe loading="lazy" title="Sào Soulez Larivière - B.Martinů, Rhapsody-Concerto, H.337" width="750" height="422" src="https://www.youtube.com/embed/-ldzNoM5tHs?feature=oembed" frameborder="0" allow="accelerometer; autoplay; clipboard-write; encrypted-media; gyroscope; picture-in-picture; web-share" referrerpolicy="strict-origin-when-cross-origin" allowfullscreen></iframe>
</div></figure>



<p class="has-large-font-size"><a href="https://www.saosoulezlariviere.com/">https://www.saosoulezlariviere.com/</a></p>



<p class="has-extra-small-font-size">Crédit photo : <a href="https://www.brioni.com/fr/fr ">https://www.brioni.com/fr/fr </a></p>
